*m. What is the tens digit of m?
3
Suppose -h = 840 - 150. Let n = -329 - h. What is the units digit of n?
1
Suppose 2100 = -s - 7*j + 10331, -3*j = 2*s - 16407. What is the hundreds digit of s?
1
Let i = 54786 - 30735. What is the tens digit of i?
5
Suppose -5*b - 2*g = -0*b - 1087, 0 = b - 2*g - 215. Let h = 296 + -424. Let m = b + h. What is the tens digit of m?
8
Let y = 29003 + -13373. What is the units digit of y?
0
Suppose -3*b + 24 = 9. Suppose 3*g + 8 = -4*i + b*g, -5 = -3*i - 4*g. What is the units digit of 859/6 + i + (-23)/138?
2
Suppose 22*g + 4*p - 11605 = 21*g, 2*g - 3*p = 23133. What is the thousands digit of g?
1
Suppose -4*t = -177*j + 181*j - 57932, -2*j - 28994 = -2*t. What is the hundreds digit of t?
4
Let f be (1/(-3))/(1/(-3)). Let v = -5435 + 5130. What is the tens digit of (f + v)*9/(-18)?
5
Let b = -9070 + 11940. What is the tens digit of b?
7
Let q = 43261 + -30722. What is the hundreds digit of q?
5
Suppose 27*g = 37*g - 181070. Suppose -51*d + 32*d = -g. What is the hundreds digit of d?
9
Suppose -634 + 3454 = -2*x. Let m = x - -2444. Suppose -4*s + m = 2*y, -2*s + 3*y + 581 = 44. What is the hundreds digit of s?
2
Let i be (-12)/114 - (-91548)/57. Suppose 11*j = 3454 + i. What is the units digit of j?
0
Let s = -11381 - -53122. What is the hundreds digit of s?
7
Let v = 4167 - 2280. Suppose 5*n - 10*y = -9*y + v, -9 = -3*y. What is the tens digit of n?
7
Let m(w) = -47*w**3 - w**2 + 6*w + 15. Let n be m(-2). Suppose -n = -3*s + 2*a, -9*a + 4*a - 625 = -5*s. What is the hundreds digit of s?
1
Let y = -105 + 63. Let d be 190 - ((-1)/3)/((-14)/y). Suppose 13*z - 69 - d = 0. What is the units digit of z?
0
Suppose -4504*g = -4481*g - 1251085. What is the units digit of g?
5
Suppose -5 = 8*p - 405. Let x = p + 269. What is the units digit of x?
9
Let s = -679 - -970. Let f = s - 20. Let g = f - 190. What is the tens digit of g?
8
Let i(x) = 56*x**2 - 9*x + 8. Let q be i(1). What is the tens digit of (-5 + q/10)/((-1)/(-42))?
2
Suppose -407*t = 3*q - 403*t - 119572, 5*t + 10 = 0. What is the hundreds digit of q?
8
Let x(o) = -7*o**2 - 4*o - 1. Let m be x(-3). Let a = m + 54. Suppose -a*j = -5*u - 108, u + 0 = -2. What is the units digit of j?
9
Suppose 5*d - 5598 = -4*k + 34660, 4*k = -2*d + 40276. What is the ten thousands digit of k?
1
Let g(h) = 2*h**2 - 15*h + 30. Let b be g(5). What is the hundreds digit of ((-21)/(-14))/(b/510)?
1
Suppose 4 = 4*l - 176. Let f be 55450/l + (-2 - 16/(-9)). Suppose 10*g + f = 14*g. What is the hundreds digit of g?
3
Suppose 0 = -18*f + 31072 + 41054. What is the thousands digit of f?
4
Let q(c) = -4*c**2 - 3 - 64*c**3 + 21*c**3 + c - 5*c + 27*c**3. What is the tens digit of q(-2)?
1
Let h(l) be the third derivative of l**5/60 - l**4/12 - 23*l**3/6 + 23*l**2. Let m be h(12). Suppose 45*c - 44*c = m. What is the tens digit of c?
9
Let j(p) = 30*p - 5*p**2 + 3*p**2 + 9*p - 19. What is the units digit of j(7)?
6
Let n(c) = -126*c - 2000. What is the units digit of n(-22)?
2
Let s(m) = -m - 11. Let h be s(-11). Suppose 14*o - 2450 - 3808 = h. Suppose -5*l = o - 1197. What is the units digit of l?
0
Let o(n) = 68*n**3 - 4*n**2 + n + 4. Let c be o(1). What is the tens digit of 69/c + 385/1?
8
Let w be (-118 - 6)*(-6)/4. Suppose w = 2*n + n. Suppose -261 = -4*y + u, y + 2*u + u - n = 0. What is the tens digit of y?
6
Suppose 0 = -b + 5*h + 69366, -3*b = -360*h + 361*h - 208098. What is the units digit of b?
6
Let a(t) = -14*t - 86. Let y be a(-7). What is the units digit of 6609/12 + 3/y?
1
Suppose -5*v - 15*w + 18*w + 3475 = 0, 0 = v + w - 687. What is the tens digit of v?
9
Let f(j) = 8*j**2 + 27*j + 14. Suppose 173 = -5*w + 118. What is the units digit of f(w)?
5
What is the thousands digit of (-99)/132 - ((-6)/(-33) - (-154041)/(-44))?
3
Let s(x) = -7*x**3 + 4*x**2 + 32*x - 59. Let u(n) = 2*n**3 - n**2 - 11*n + 20. Let t(m) = -6*s(m) - 17*u(m). What is the tens digit of t(4)?
9
What is the thousands digit of 4/((-3 + (-12)/(-3))/(8 - -5982))?
3
Suppose -4*d = -m - 522, -m - 2*d + 162 - 708 = 0. Let q = 1097 + m. What is the tens digit of q?
5
Let q be 6/4 - 21/14. Let j = 46 + -40. What is the units digit of 93 - ((j - 3) + 1 + q)?
9
Let c(d) = d + 5. Let g be c(-4). Let z be 8/(-1 - 1) - (-3 - g). Suppose 3*b + 6 = 0, z = -2*j + 7*b - 2*b + 282. What is the hundreds digit of j?
1
Suppose 139*a = 146*a - 70. Suppose 0 = 5*l - a - 5, -4*l - 8443 = -5*w. What is the tens digit of w?
9
Let x(j) = -148*j + 32. Let y(v) = -37*v + 8. Let l = -45 + 36. Let p(f) = l*y(f) + 2*x(f). What is the units digit of p(3)?
3
Suppose -5*k + 379*c + 29756 = 378*c, -5*k = -2*c - 29752. What is the thousands digit of k?
5
Let l(b) = 561*b + 3641. What is the units digit of l(31)?
2
What is the units digit of (750/18)/25*315048/20?
4
Let v be (-33)/(-2) - (-18)/(-12). Suppose 0*t + v*t = 23730. What is the tens digit of t?
8
Let x(a) = 3*a**3 - 3*a**2 + 3*a - 3. Let i = 47 - 45. Let v be x(i). What is the units digit of 5/v - 230/(-3)?
7
Suppose 4*l - 9*u = -8*u + 23, l - u = 11. Let v = -67 - -390. Suppose l*t - v = 337. What is the tens digit of t?
6
Let x be -1 - -2 - (168 - -6). Let q = x + 247. Let l = q - -24. What is the tens digit of l?
9
Let d(s) = s**2 + 104*s - 152. What is the units digit of d(64)?
0
Suppose 0 = -3*g - 18, 2*y - 3*g + 18722 - 61734 = 0. What is the ten thousands digit of y?
2
Suppose 14*u - 27*u + 3887 = 0. Suppose 2*k - u = 5*d, k + d - 21 - 111 = 0. What is the hundreds digit of k?
1
Suppose 4*j = 3*a + 28, -3*a - j - 49 = 4. Let d be 5/((-20)/a) + -4. What is the units digit of 89 - -3 - (2 + d)?
0
Let n(z) = 3*z**2 + 72*z + 12. Suppose 5*b = 5*p - 150, p - 4*p = b + 30. What is the hundreds digit of n(b)?
5
Suppose -5*s - 28 - 37 = 0. Let u(f) = -6*f - 35. Let h be u(s). What is the tens digit of (30/(-12) + -1)*(1 - h)?
4
Let s = -53 + 68. Suppose s*l = 4*l + 319. What is the units digit of l?
9
Suppose 2*s - 411 = s. Suppose -1211 + s = -8*d. Let z = d + -12. What is the units digit of z?
8
Let m(r) = 2*r**3 - 2*r**2 + 2*r + 568. Suppose 6*u = 44*u. What is the units digit of m(u)?
8
Let j(q) = q**3 + 18*q**2 - 44. Let z be j(-7). What is the tens digit of 45/z + (-15838)/(-22)?
2
Suppose 0 = 14*y - 7*y + 11116. Let i = y + 2289. What is the units digit of i?
1
Let t(o) = 12551*o - 165. What is the tens digit of t(1)?
8
Let u = 1230 - 2102. Let h = -319 - u. What is the units digit of h?
3
Let v be 3218/2 + (-6 - -8). Suppose 4*f - 3421 = 5*x, 3*x - 4197 = -3*f - v. What is the hundreds digit of f?
8
Let j be -4 - 77907/(-21) - 8/(-56). Let g = j + -2312. What is the thousands digit of g?
1
Let w(k) = -3300*k + 1651*k + 504 + 1659*k. What is the tens digit of w(0)?
0
Let i(t) = -t**2 - 20*t - 4. Let g be i(-6). Let h = 85 - g. What is the tens digit of ((-3483)/90 - (-1)/h)*-4?
5
Let m = -10 + 6. Let o be 7/7 + m + 1 + 5. Suppose 0 = -4*g + o*z + 366, -g + 2*g - 2*z = 94. What is the tens digit of g?
9
Let g be 199/(-6) - (-7)/42. Let k = 58 + g. What is the hundreds digit of 2418/15 - 5/k?
1
Let x = 21717 + -15117. What is the hundreds digit of x?
6
Let v(y) = 2*y**2 - 7*y - 20. Let g be v(5). Let s(x) = -82*x + 40. What is the hundreds digit of s(g)?
4
Let o(t) be the third derivative of t**5/60 + 25*t**3/6 - 70*t**2. What is the tens digit of o(-15)?
5
Suppose -4*g + 27008 = -11508. What is the thousands digit of g?
9
Suppose 46*i + 47003 - 165260 - 153925 = 0. What is the units digit of i?
7
Suppose 0 = -5*s - 5*f + 31650, -4*f + 8 = -4. What is the thousands digit of s?
6
Suppose 4*l + 8 = 28. Let q(h) = -49*h - 1713. Let a be q(-35). Suppose 7*i = 11*i + p - 589, -l*i + 733 = -a*p. What is the tens digit of i?
4
Let f be -1 + -3 + (-6)/(-3) - -17. Let x(s) = -5*s - 14 - f*s + 4*s. What is the units digit of x(-8)?
4
Suppose -3*n + 15 = 3*f, -5*n + 17 = 5*f - 4*f. Let d(q) = 4*q - 2*q - 3*q + 1 - 35*q**2 + 54*q**f. What is the hundreds digit of d(-3)?
1
Let a(p) = 3*p - 23. Let o be a(6). Let y be (-3)/(-9) + o/(-3). Suppose 3*j + 2*j = -l + 7, 0 = y*l + j - 14. What is the units digit of l?
7
Let f be 0 + 1 - 9/3. Let v be f/(-1 + 98/100). Let m = -27 + v. What is the tens digit of m?
7
Suppose -62*z + 1184 = -54*z. What is the hundreds digit of z?
1
Suppose 0 = -i